 113574393 is divided by 3133?
10
Calculate the remainder when 344232 is divided by 42987.
336
Calculate the remainder when 24460010 is divided by 3342.
3254
Calculate the remainder when 2890837 is divided by 10550.
137
Calculate the remainder when 61364498 is divided by 61364495.
3
What is the remainder when 240839419 is divided by 21?
16
Calculate the remainder when 770423 is divided by 32.
23
Calculate the remainder when 616176 is divided by 308078.
20
What is the remainder when 8457638 is divided by 96?
38
Calculate the remainder when 1151576 is divided by 20561.
160
What is the remainder when 335422 is divided by 128?
62
Calculate the remainder when 66519 is divided by 1384.
87
Calculate the remainder when 170481 is divided by 107.
30
What is the remainder when 3512087 is divided by 31080?
47
What is the remainder when 228794 is divided by 301?
34
Calculate the remainder when 2569330 is divided by 64233.
10
What is the remainder when 793914 is divided by 793743?
171
What is the remainder when 61106 is divided by 3834?
3596
What is the remainder when 234870 is divided by 4653?
2220
Calculate the remainder when 27828230 is divided by 18.
14
Calculate the remainder when 72302 is divided by 8420.
4942
Calculate the remainder when 713970 is divided by 2132.
1882
Calculate the remainder when 9395650 is divided by 54310.
20
Calculate the remainder when 3419939 is divided by 1709956.
27
What is the remainder when 16930179 is divided by 120?
99
What is the remainder when 4212761 is divided by 45?
41
Calculate the remainder when 905982 is divided by 24486.
0
What is the remainder when 1587741 is divided by 54746?
107
What is the remainder when 22402 is divided by 7252?
646
Calculate the remainder when 205143 is divided by 55.
48
Calculate the remainder when 10807979 is divided by 10.
9
What is the remainder when 9714 is divided by 3119?
357
Calculate the remainder when 184318 is divided by 2168.
38
What is the remainder when 125285 is divided by 10439?
17
Calculate the remainder when 4980865 is divided by 622567.
329
Calculate the remainder when 49730618 is divided by 16576791.
245
Calculate the remainder when 3051 is divided by 267.
114
Calculate the remainder when 40544929 is divided by 2133943.
12
Calculate the remainder when 95855361 is divided by 424.
409
Calculate the remainder when 39705633 is divided by 2525.
8
What is the remainder when 13572301 is divided by 2199?
73
What is the remainder when 4117622 is divided by 111287?
3
What is the remainder when 77856 is divided by 25844?
324
Calculate the remainder when 1616817 is divided by 190.
107
Calculate the remainder when 627235 is divided by 39.
37
What is the remainder when 12416421 is divided by 47?
8
Calculate the remainder when 12745760 is divided by 87.
86
What is the remainder when 3094936333 is divided by 2294?
2291
What is the remainder when 2215786 is divided by 79132?
90
What is the remainder when 472643 is divided by 1712?
131
What is the remainder when 3498070 is divided by 31?
30
Calculate the remainder when 11626833 is divided by 6713.
6630
Calculate the remainder when 83327 is divided by 27402.
1121
What is the remainder when 13094111 is divided by 2881?
2847
What is the remainder when 84161 is divided by 5884?
1785
Calculate the remainder when 187439218 is divided by 33.
10
Calculate the remainder when 17293765 is divided by 10078.
9995
Calculate the remainder when 52801 is divided by 310.
101
What is the remainder when 316075 is divided by 1420?
835
What is the remainder when 143902289 is divided by 17?
9
What is the remainder when 5907484 is divided by 419?
3
Calculate the remainder when 1420078 is divided by 62.
30
What is the remainder when 671082 is divided by 130?
22
What is the remainder when 760699 is divided by 4758?
4177
What is the remainder when 751520 is divided by 22?
0
What is the remainder when 22592 is divided by 3216?
80
What is the remainder when 27916327 is divided by 58?
57
Calculate the remainder when 5581533 is divided by 848.
845
What is the remainder when 13771 is divided by 13358?
413
What is the remainder when 44652 is divided by 22005?
642
What is the remainder when 616920 is divided by 38556?
24
Calculate the remainder when 1363333 is divided by 227188.
205
Calculate the remainder when 33365 is divided by 1042.
21
Calculate the remainder when 4756198 is divided by 303.
7
Calculate the remainder when 5772795 is divided by 710.
495
Calculate the remainder when 368951 is divided by 122711.
818
What is the remainder when 157056 is divided by 4613?
214
What is the remainder when 54051117 is divided by 90?
87
Calculate the remainder when 140397685 is divided by 16716.
1
What is the remainder when 77320 is divided by 25724?
148
Calculate the remainder when 3966966 is divided by 416.
406
What is the remainder when 155317 is divided by 154?
85
Calculate the remainder when 263433055 is divided by 810.
805
Calculate the remainder when 74511865 is divided by 17.
15
Calculate the remainder when 1906093 is divided by 1032.
1021
What is the remainder when 204569 is divided by 1827?
1772
Calculate the remainder when 1439895 is divided by 636.
627
What is the remainder when 3493924 is divided by 14501?
13684
Calculate the remainder when 752713668 is divided by 19.
16
What is the remainder when 780847 is divided by 230?
227
What is the remainder when 1019997 is divided by 254958?
165
What is the remainder when 650038 is divided by 6625?
788
What is the remainder when 2979561 is divided by 4656?
4377
Calculate the remainder when 1607930 is divided by 3028.
62
What is the remainder when 50922952 is divided by 1261?
1250
Calculate the remainder when 970421 is divided by 323449.
74
Calculate the remainder when 605932 is divided by 605931.
1
What is the remainder when 32070179 is divided by 10690057?
8
What is the remainder when 12809 is divided by 232?
49
Calculate the remainder when 34608051 is divided by 46.
43
What is the remainder when 41659165 is divided by 13?
2
Calculate the remainder when 1843486 is divided by 921680.
126
Calculate the remainder when 849410 is divided by 99.
89
What is the remainder when 855956 is divided by 213982?
28
What is the remainder when 3813015 is divided by 33742?
169
Calculate the remainder when 661610 is divided by 81.
2
Calculate the remainder when 79890 is divided by 2870.
2400
Calculate the remainder when 14212 is divided by 2367.
10
Calculate the remainder when 76204455 is divided by 290.
285
Calculate the remainder when 788109 is divided by 426.
9
What is the remainder when 126737 is divided by 2433?
221
Calculate the remainder when 239825 is divided by 371.
159
Calculate the remainder when 32787 is divided by 1495.
1392
What is the remainder when 457208 is divided by 1200?
8
What is the remainder when 33032 is divided by 10004?
3020
Calculate the remainder when 483372 is divided by 48335.
22
What is the remainder when 788149 is divided by 65674?
61
What is the remainder when 115071197 is divided by 399?
395
What is the remainder when 19023 is divided by 2377?
7
What is the remainder when 77861111 is divided by 770902?
9
What is the remainder when 46614 is divided by 3101?
99
What is the remainder when 9872080 is divided by 3152?
16
Calculate the remainder when 2599499 is divided by 80.
59
Calculate the remainder when 25201789 is divided by 1531.
1529
Calculate the remainder when 25326414 is divided by 1101148.
10
Calculate the remainder when 5417244 is divided by 33.
30
What is the remainder when 23559919 is divided by 63?
61
Calculate the remainder when 25426837 is divided by 95.
87
What is the remainder when 650140 is divided by 2463?
2371
What is the remainder when 2075993 is divided by 148?
145
What is the remainder when 658360428 is divided by 171?
168
What is the remainder when 1852514 is divided by 302?
46
What is the remainder when 179112 is divided by 3564?
912
What is the remainder when 2219630 is divided by 1109774?
82
What is the remainder when 445799 is divided by 6623?
2058
Calculate the remainder when 19703967 is divided by 1170.
1167
What is the remainder when 383077 is divided by 1015?
422
What is the remainder when 632381 is divided by 1081?
1077
What is the remainder when 2986802 is divided by 22800?
2